{"id":39095,"date":"2026-01-10T18:32:49","date_gmt":"2026-01-10T17:32:49","guid":{"rendered":"https:\/\/www.mosir-ketrzyn.pl\/index.php\/event-types\/"},"modified":"2026-01-10T20:30:46","modified_gmt":"2026-01-10T19:30:46","slug":"event-types","status":"publish","type":"page","link":"https:\/\/www.mosir-ketrzyn.pl\/index.php\/event-types\/","title":{"rendered":"Event Types"},"content":{"rendered":"<div class=\"emagic\">\r\n<div class=\"ep-event-types-container ep-mb-5\" id=\"ep-event-types-container\">\r\n         <form id=\"ep_event_type_search_form\" class=\"ep-box-wrap ep-box-search-form ep-box-bottom ep-mb-4\" name=\"ep_event_type_search_form\" action=\"\">\r\n        <div class=\"ep-bg-light ep-border ep-rounded ep-px-3\">\r\n            <div class=\"ep-box-row\">\r\n                <div class=\"ep-box-col-8 ep-p-3 ep-position-relative\">\r\n                    <div class=\"ep-input-group\">\r\n                        <span class=\"ep-input-group-text ep-bg-white ep-text-muted\">\r\n                            <span class=\"material-icons-outlined\">search<\/span>\r\n                        <\/span>\r\n                        <input type=\"hidden\" name=\"ep_search\" value=\"1\" \/>\r\n                        <input placeholder=\"S\u0142owo kluczowe\" class=\"ep-form-control ep-form-control-sm ep-border-start-0\" type=\"text\" name=\"keyword\" id=\"ep_keyword\" value=\"\" \/>  \r\n                        <input class=\"ep-btn ep-btn-dark ep-btn-sm\" type=\"submit\" value=\"Szukaj\"\/>\r\n                    <\/div>\r\n                <\/div>\r\n                <div class=\"ep-box-col-4 ep-event-filter-block ep-text-item-right ep-d-inline-flex ep-align-items-center\">\r\n                                    <\/div>\r\n            <\/div>\r\n        <\/div>\r\n    <\/form>\r\n                \r\n                    <div class=\"ep-event-type ep-event-type-grid-container ep-box-wrap\"> \r\n                <div id=\"ep-event-types-loader-section\" class=\"ep-box-row ep-box-top ep-event_type-grid-wrap\">\r\n                        <div class=\"ep-box-col-3 ep-col-md-6 ep-mb-3 ep-event-type-col-section\">\r\n        <div class=\"ep-box-card-item \">\r\n            <div class=\"ep-box-card-thumb\" >\r\n                <a href=\"https:\/\/www.mosir-ketrzyn.pl\/index.php\/event-types\/?event_type=109\" class=\"ep-img-link\">\r\n                    <img decoding=\"async\" src=\"https:\/\/www.mosir-ketrzyn.pl\/wp-content\/plugins\/eventprime-event-calendar-management\/admin\/partials\/images\/dummy_image.png\" alt=\"\"> \r\n                <\/a>\r\n            <\/div>\r\n            <div class=\"ep-box-card-content ep-bg-white\">\r\n                <div class=\"ep-box-title ep-box-card-title\">\r\n                    <a href=\"https:\/\/www.mosir-ketrzyn.pl\/index.php\/event-types\/?event_type=109\">\r\n                        W-MSZS                    <\/a>\r\n                <\/div>\r\n            <\/div>\r\n        <\/div>\r\n    <\/div>\r\n    <div class=\"ep-box-col-3 ep-col-md-6 ep-mb-3 ep-event-type-col-section\">\r\n        <div class=\"ep-box-card-item \">\r\n            <div class=\"ep-box-card-thumb\" >\r\n                <a href=\"https:\/\/www.mosir-ketrzyn.pl\/index.php\/event-types\/?event_type=108\" class=\"ep-img-link\">\r\n                    <img decoding=\"async\" src=\"https:\/\/www.mosir-ketrzyn.pl\/wp-content\/plugins\/eventprime-event-calendar-management\/admin\/partials\/images\/dummy_image.png\" alt=\"\"> \r\n                <\/a>\r\n            <\/div>\r\n            <div class=\"ep-box-card-content ep-bg-white\">\r\n                <div class=\"ep-box-title ep-box-card-title\">\r\n                    <a href=\"https:\/\/www.mosir-ketrzyn.pl\/index.php\/event-types\/?event_type=108\">\r\n                        Tenis Ziemny                    <\/a>\r\n                <\/div>\r\n            <\/div>\r\n        <\/div>\r\n    <\/div>\r\n    <div class=\"ep-box-col-3 ep-col-md-6 ep-mb-3 ep-event-type-col-section\">\r\n        <div class=\"ep-box-card-item \">\r\n            <div class=\"ep-box-card-thumb\" >\r\n                <a href=\"https:\/\/www.mosir-ketrzyn.pl\/index.php\/event-types\/?event_type=107\" class=\"ep-img-link\">\r\n                    <img decoding=\"async\" src=\"https:\/\/www.mosir-ketrzyn.pl\/wp-content\/plugins\/eventprime-event-calendar-management\/admin\/partials\/images\/dummy_image.png\" alt=\"\"> \r\n                <\/a>\r\n            <\/div>\r\n            <div class=\"ep-box-card-content ep-bg-white\">\r\n                <div class=\"ep-box-title ep-box-card-title\">\r\n                    <a href=\"https:\/\/www.mosir-ketrzyn.pl\/index.php\/event-types\/?event_type=107\">\r\n                        Tenis Sto\u0142owy                    <\/a>\r\n                <\/div>\r\n            <\/div>\r\n        <\/div>\r\n    <\/div>\r\n    <div class=\"ep-box-col-3 ep-col-md-6 ep-mb-3 ep-event-type-col-section\">\r\n        <div class=\"ep-box-card-item \">\r\n            <div class=\"ep-box-card-thumb\" >\r\n                <a href=\"https:\/\/www.mosir-ketrzyn.pl\/index.php\/event-types\/?event_type=106\" class=\"ep-img-link\">\r\n                    <img decoding=\"async\" src=\"https:\/\/www.mosir-ketrzyn.pl\/wp-content\/plugins\/eventprime-event-calendar-management\/admin\/partials\/images\/dummy_image.png\" alt=\"\"> \r\n                <\/a>\r\n            <\/div>\r\n            <div class=\"ep-box-card-content ep-bg-white\">\r\n                <div class=\"ep-box-title ep-box-card-title\">\r\n                    <a href=\"https:\/\/www.mosir-ketrzyn.pl\/index.php\/event-types\/?event_type=106\">\r\n                        Szko\u0142y Podstawowe                    <\/a>\r\n                <\/div>\r\n            <\/div>\r\n        <\/div>\r\n    <\/div>\r\n    <div class=\"ep-box-col-3 ep-col-md-6 ep-mb-3 ep-event-type-col-section\">\r\n        <div class=\"ep-box-card-item \">\r\n            <div class=\"ep-box-card-thumb\" >\r\n                <a href=\"https:\/\/www.mosir-ketrzyn.pl\/index.php\/event-types\/?event_type=105\" class=\"ep-img-link\">\r\n                    <img decoding=\"async\" src=\"https:\/\/www.mosir-ketrzyn.pl\/wp-content\/plugins\/eventprime-event-calendar-management\/admin\/partials\/images\/dummy_image.png\" alt=\"\"> \r\n                <\/a>\r\n            <\/div>\r\n            <div class=\"ep-box-card-content ep-bg-white\">\r\n                <div class=\"ep-box-title ep-box-card-title\">\r\n                    <a href=\"https:\/\/www.mosir-ketrzyn.pl\/index.php\/event-types\/?event_type=105\">\r\n                        Szachy                    <\/a>\r\n                <\/div>\r\n            <\/div>\r\n        <\/div>\r\n    <\/div>\r\n    <div class=\"ep-box-col-3 ep-col-md-6 ep-mb-3 ep-event-type-col-section\">\r\n        <div class=\"ep-box-card-item \">\r\n            <div class=\"ep-box-card-thumb\" >\r\n                <a href=\"https:\/\/www.mosir-ketrzyn.pl\/index.php\/event-types\/?event_type=104\" class=\"ep-img-link\">\r\n                    <img decoding=\"async\" src=\"https:\/\/www.mosir-ketrzyn.pl\/wp-content\/plugins\/eventprime-event-calendar-management\/admin\/partials\/images\/dummy_image.png\" alt=\"\"> \r\n                <\/a>\r\n            <\/div>\r\n            <div class=\"ep-box-card-content ep-bg-white\">\r\n                <div class=\"ep-box-title ep-box-card-title\">\r\n                    <a href=\"https:\/\/www.mosir-ketrzyn.pl\/index.php\/event-types\/?event_type=104\">\r\n                        Siatk\u00f3wka Pla\u017cowa                    <\/a>\r\n                <\/div>\r\n            <\/div>\r\n        <\/div>\r\n    <\/div>\r\n    <div class=\"ep-box-col-3 ep-col-md-6 ep-mb-3 ep-event-type-col-section\">\r\n        <div class=\"ep-box-card-item \">\r\n            <div class=\"ep-box-card-thumb\" >\r\n                <a href=\"https:\/\/www.mosir-ketrzyn.pl\/index.php\/event-types\/?event_type=103\" class=\"ep-img-link\">\r\n                    <img decoding=\"async\" src=\"https:\/\/www.mosir-ketrzyn.pl\/wp-content\/plugins\/eventprime-event-calendar-management\/admin\/partials\/images\/dummy_image.png\" alt=\"\"> \r\n                <\/a>\r\n            <\/div>\r\n            <div class=\"ep-box-card-content ep-bg-white\">\r\n                <div class=\"ep-box-title ep-box-card-title\">\r\n                    <a href=\"https:\/\/www.mosir-ketrzyn.pl\/index.php\/event-types\/?event_type=103\">\r\n                        Rolki                    <\/a>\r\n                <\/div>\r\n            <\/div>\r\n        <\/div>\r\n    <\/div>\r\n    <div class=\"ep-box-col-3 ep-col-md-6 ep-mb-3 ep-event-type-col-section\">\r\n        <div class=\"ep-box-card-item \">\r\n            <div class=\"ep-box-card-thumb\" >\r\n                <a href=\"https:\/\/www.mosir-ketrzyn.pl\/index.php\/event-types\/?event_type=102\" class=\"ep-img-link\">\r\n                    <img decoding=\"async\" src=\"https:\/\/www.mosir-ketrzyn.pl\/wp-content\/plugins\/eventprime-event-calendar-management\/admin\/partials\/images\/dummy_image.png\" alt=\"\"> \r\n                <\/a>\r\n            <\/div>\r\n            <div class=\"ep-box-card-content ep-bg-white\">\r\n                <div class=\"ep-box-title ep-box-card-title\">\r\n                    <a href=\"https:\/\/www.mosir-ketrzyn.pl\/index.php\/event-types\/?event_type=102\">\r\n                        Pi\u0142ka Siatkowa                    <\/a>\r\n                <\/div>\r\n            <\/div>\r\n        <\/div>\r\n    <\/div>\r\n    <div class=\"ep-box-col-3 ep-col-md-6 ep-mb-3 ep-event-type-col-section\">\r\n        <div class=\"ep-box-card-item \">\r\n            <div class=\"ep-box-card-thumb\" >\r\n                <a href=\"https:\/\/www.mosir-ketrzyn.pl\/index.php\/event-types\/?event_type=101\" class=\"ep-img-link\">\r\n                    <img decoding=\"async\" src=\"https:\/\/www.mosir-ketrzyn.pl\/wp-content\/plugins\/eventprime-event-calendar-management\/admin\/partials\/images\/dummy_image.png\" alt=\"\"> \r\n                <\/a>\r\n            <\/div>\r\n            <div class=\"ep-box-card-content ep-bg-white\">\r\n                <div class=\"ep-box-title ep-box-card-title\">\r\n                    <a href=\"https:\/\/www.mosir-ketrzyn.pl\/index.php\/event-types\/?event_type=101\">\r\n                        Pi\u0142ka R\u0119czna                    <\/a>\r\n                <\/div>\r\n            <\/div>\r\n        <\/div>\r\n    <\/div>\r\n    <div class=\"ep-box-col-3 ep-col-md-6 ep-mb-3 ep-event-type-col-section\">\r\n        <div class=\"ep-box-card-item \">\r\n            <div class=\"ep-box-card-thumb\" >\r\n                <a href=\"https:\/\/www.mosir-ketrzyn.pl\/index.php\/event-types\/?event_type=100\" class=\"ep-img-link\">\r\n                    <img decoding=\"async\" src=\"https:\/\/www.mosir-ketrzyn.pl\/wp-content\/plugins\/eventprime-event-calendar-management\/admin\/partials\/images\/dummy_image.png\" alt=\"\"> \r\n                <\/a>\r\n            <\/div>\r\n            <div class=\"ep-box-card-content ep-bg-white\">\r\n                <div class=\"ep-box-title ep-box-card-title\">\r\n                    <a href=\"https:\/\/www.mosir-ketrzyn.pl\/index.php\/event-types\/?event_type=100\">\r\n                        Pi\u0142ka No\u017cna                    <\/a>\r\n                <\/div>\r\n            <\/div>\r\n        <\/div>\r\n    <\/div>\r\n                    <\/div>\r\n            <\/div>    \r\n                    <div class=\"ep-types-load-more ep-frontend-loadmore ep-box-w-100 ep-my-4 ep-text-center\">\r\n                                    <input type=\"hidden\" id=\"ep-types-orderby\" value=\"term_id\"\/>\r\n                                        <input type=\"hidden\" id=\"ep-types-order\" value=\"desc\"\/>\r\n                                        <input type=\"hidden\" id=\"ep-types-name__like\" value=\"\"\/>\r\n                                        <input type=\"hidden\" id=\"ep-types-limit\" value=\"10\"\/>\r\n                                        <input type=\"hidden\" id=\"ep-types-total_count\" value=\"16\"\/>\r\n                                        <input type=\"hidden\" id=\"ep-types-load_more\" value=\"1\"\/>\r\n                                        <input type=\"hidden\" id=\"ep-types-paged\" value=\"1\"\/>\r\n                                        <input type=\"hidden\" id=\"ep-types-style\" value=\"grid\"\/>\r\n                                        <input type=\"hidden\" id=\"ep-types-featured\" value=\"0\"\/>\r\n                                        <input type=\"hidden\" id=\"ep-types-popular\" value=\"0\"\/>\r\n                                        <input type=\"hidden\" id=\"ep-types-cols\" value=\"4\"\/>\r\n                                        <input type=\"hidden\" id=\"ep-types-box_color\" value=\"\"\/>\r\n                                        <input type=\"hidden\" id=\"ep-types-ep_search\" value=\"\"\/>\r\n                                        <button data-max=\"2\" id=\"ep-loadmore-ep-types\" class=\"ep-btn ep-btn-outline-primary\"><span class=\"ep-spinner ep-spinner-border-sm ep-mr-1\"><\/span>Wczytaj wi\u0119cej<\/button>\r\n            <\/div>\r\n                        \r\n    <\/div><\/div>\n","protected":false},"excerpt":{"rendered":"<p>search W-MSZS Tenis Ziemny Tenis Sto\u0142owy Szko\u0142y Podstawowe Szachy Siatk\u00f3wka Pla\u017cowa Rolki Pi\u0142ka Siatkowa Pi\u0142ka R\u0119czna Pi\u0142ka No\u017cna Wczytaj wi\u0119cej<\/p>\n","protected":false},"author":2,"featured_media":0,"parent":0,"menu_order":0,"comment_status":"closed","ping_status":"closed","template":"","meta":{"inline_featured_image":false,"ngg_post_thumbnail":0,"footnotes":""},"class_list":["post-39095","page","type-page","status-publish","hentry","description-off"],"_links":{"self":[{"href":"https:\/\/www.mosir-ketrzyn.pl\/index.php\/wp-json\/wp\/v2\/pages\/39095","targetHints":{"allow":["GET"]}}],"collection":[{"href":"https:\/\/www.mosir-ketrzyn.pl\/index.php\/wp-json\/wp\/v2\/pages"}],"about":[{"href":"https:\/\/www.mosir-ketrzyn.pl\/index.php\/wp-json\/wp\/v2\/types\/page"}],"author":[{"embeddable":true,"href":"https:\/\/www.mosir-ketrzyn.pl\/index.php\/wp-json\/wp\/v2\/users\/2"}],"replies":[{"embeddable":true,"href":"https:\/\/www.mosir-ketrzyn.pl\/index.php\/wp-json\/wp\/v2\/comments?post=39095"}],"version-history":[{"count":1,"href":"https:\/\/www.mosir-ketrzyn.pl\/index.php\/wp-json\/wp\/v2\/pages\/39095\/revisions"}],"predecessor-version":[{"id":39108,"href":"https:\/\/www.mosir-ketrzyn.pl\/index.php\/wp-json\/wp\/v2\/pages\/39095\/revisions\/39108"}],"wp:attachment":[{"href":"https:\/\/www.mosir-ketrzyn.pl\/index.php\/wp-json\/wp\/v2\/media?parent=39095"}],"curies":[{"name":"wp","href":"https:\/\/api.w.org\/{rel}","templated":true}]}}